ate the highest common divisor of 10401313 and 26.
13
What is the greatest common divisor of 6087 and 6?
3
What is the highest common factor of 29934 and 18?
18
What is the greatest common divisor of 20604 and 612?
204
What is the greatest common factor of 420 and 723030?
210
What is the greatest common factor of 544 and 19108?
68
Calculate the greatest common factor of 17898 and 15700.
314
Calculate the greatest common divisor of 392 and 120638.
98
Calculate the greatest common factor of 1936 and 1568.
16
Calculate the highest common factor of 274 and 198924.
274
Calculate the highest common divisor of 3819 and 9849.
201
What is the highest common factor of 7 and 18697?
7
Calculate the greatest common factor of 7710 and 258542.
514
Calculate the highest common divisor of 53 and 160.
1
Calculate the greatest common divisor of 2827 and 1004099.
257
What is the highest common factor of 212603 and 491?
491
What is the greatest common divisor of 524 and 1094374?
262
What is the greatest common factor of 182858 and 20017?
541
What is the greatest common factor of 103575 and 225?
75
Calculate the greatest common divisor of 142 and 13561.
71
What is the highest common divisor of 118 and 28?
2
What is the highest common factor of 741 and 178464?
39
Calculate the greatest common factor of 35330 and 110.
10
What is the greatest common divisor of 13857768 and 36?
36
What is the highest common divisor of 1120 and 49238?
14
Calculate the greatest common divisor of 730377 and 508.
127
What is the greatest common divisor of 344 and 88?
8
Calculate the greatest common factor of 458914 and 8070.
538
What is the highest common divisor of 126 and 107394?
42
What is the greatest common factor of 142366 and 28?
14
What is the highest common divisor of 108 and 384831?
27
Calculate the greatest common divisor of 280 and 495.
5
What is the highest common divisor of 4477568 and 256?
128
Calculate the highest common factor of 19434 and 1230.
246
Calculate the greatest common factor of 64 and 18112.
64
Calculate the greatest common divisor of 7627 and 269838.
263
Calculate the greatest common divisor of 1628524 and 1212.
404
What is the greatest common factor of 187 and 715?
11
Calculate the greatest common divisor of 1510 and 640.
10
What is the greatest common divisor of 5139268 and 164?
164
What is the highest common divisor of 254210 and 110?
110
Calculate the highest common divisor of 38633 and 2513.
7
What is the greatest common factor of 114464 and 12152?
392
What is the highest common factor of 860 and 277436?
172
What is the highest common divisor of 272 and 110092?
68
What is the greatest common divisor of 2345 and 7?
7
Calculate the highest common divisor of 42012 and 396.
36
Calculate the greatest common divisor of 1 and 2833.
1
What is the highest common divisor of 12 and 693492?
12
What is the greatest common divisor of 218350 and 5?
5
What is the highest common factor of 51380 and 8330?
70
What is the highest common factor of 809 and 2915636?
809
What is the greatest common factor of 16637 and 2413?
127
Calculate the highest common factor of 2886 and 138750.
222
What is the greatest common factor of 1499 and 6657059?
1499
Calculate the highest common divisor of 2075100 and 24.
12
What is the greatest common divisor of 52 and 339859?
13
What is the highest common factor of 18 and 13599?
9
What is the highest common divisor of 312 and 231842?
26
Calculate the highest common factor of 145512 and 36.
36
Calculate the greatest common factor of 32 and 39832.
8
What is the greatest common divisor of 2192594 and 2?
2
What is the highest common factor of 10089 and 5149?
19
Calculate the greatest common divisor of 314505 and 90.
45
Calculate the highest common divisor of 29358 and 233.
233
Calculate the highest common factor of 2775 and 3015.
15
What is the highest common divisor of 421095 and 16080?
1005
What is the greatest common divisor of 185650 and 658?
94
Calculate the highest common divisor of 337792 and 864.
32
What is the greatest common divisor of 207504 and 192?
48
Calculate the highest common divisor of 238 and 3158141.
119
Calculate the highest common divisor of 657 and 243.
9
Calculate the highest common divisor of 648 and 6984.
72
Calculate the highest common divisor of 198 and 383834.
22
Calculate the greatest common divisor of 447832 and 462.
154
What is the greatest common factor of 1196 and 20240?
92
Calculate the greatest common divisor of 8700 and 300.
300
Calculate the greatest common divisor of 161 and 302519.
161
What is the highest common divisor of 270456 and 96?
24
Calculate the greatest common divisor of 18 and 15858.
18
Calculate the highest common divisor of 253 and 7.
1
Calculate the highest common factor of 833 and 1305311.
833
Calculate the highest common divisor of 1603956 and 9636.
876
What is the greatest common divisor of 32240 and 5044?
52
Calculate the highest common factor of 45699 and 219.
3
Calculate the highest common divisor of 1056 and 57.
3
What is the highest common divisor of 33108 and 9300?
372
Calculate the greatest common divisor of 810 and 7.
1
What is the highest common divisor of 218940 and 10332?
492
What is the greatest common factor of 34109 and 184?
23
Calculate the highest common factor of 756 and 271782.
378
Calculate the greatest common divisor of 3280 and 335.
5
What is the greatest common factor of 1758 and 174?
6
Calculate the highest common factor of 2307 and 42.
3
What is the highest common factor of 369315 and 7075?
1415
What is the highest common divisor of 12753 and 39078?
117
Calculate the highest common factor of 7368 and 792.
24
Calculate the greatest common factor of 147 and 83741.
49
What is the highest common factor of 1395 and 61659?
279
What is the highest common divisor of 4345 and 2255?
55
Calculate the greatest common divisor of 1094142 and 24.
6
What is the highest common divisor of 4482 and 4731?
249
What is the highest common divisor of 12450 and 77688?
498
What is the greatest common factor of 399 and 1824?
57
Calculate the highest common factor of 5731 and 9899.
521
What is the highest common factor of 10 and 2845930?
10
What is the highest common divisor of 702 and 4968?
54
Calculate the highest common factor of 24111 and 611.
47
Calculate the highest common divisor of 10543 and 161389.
811
Calculate the highest common factor of 672 and 435232.
224
What is the greatest common divisor of 24 and 187708?
4
Calculate the highest common factor of 4784 and 13984.
368
What is the highest common divisor of 9591 and 161?
23
What is the highest common factor of 876 and 60298?
146
What is the greatest common divisor of 793 and 5063?
61
What is the greatest common divisor of 980 and 8?
4
What is the highest common divisor of 418 and 380?
38
Calculate the highest common divisor of 4116 and 4065236.
1372
What is the greatest common factor of 18 and 235134?
18
Calculate the highest common factor of 1136 and 24.
8
Calculate the greatest common factor of 12736 and 35456.
64
Calculate the greatest common divisor of 56242 and 366.
122
Calculate the highest common factor of 247526 and 46.
46
What is the greatest common divisor of 674350 and 125?
25
Calculate the greatest common factor of 27 and 429813.
27
What is the highest common factor of 1080672 and 192?
96
Calculate the greatest common divisor of 109233 and 8745.
159
Calculate the highest common divisor of 110382 and 96.
6
Calculate the greatest common divisor of 15386 and 20096.
314
What is the highest common divisor of 18944 and 666?
74
Calculate the greatest common divisor of 22016 and 473.
43
What is the greatest common factor of 6792 and 11603?
283
What is the greatest common divisor of 2208 and 30048?
96
What is the highest common factor of 137238 and 534?
534
What is the greatest common factor of 12 and 481044?
12
Calculate the highest common divisor of 91991 and 67.
67
Calculate the highest common divisor of 6909 and 867573.
987
Calculate the greatest common divisor of 612 and 104994.
18
What is the greatest common factor of 4294020 and 2124?
708
Calculate the highest common divisor of 5785 and 455.
65
Calculate the highest common factor of 48 and 3984504.
24
Calculate the greatest common factor of 10 and 20980.
10
Calculate the gr